nd derivative of -i**7/2520 + 7*i**5/120 + 3*i**4/2 + 16*i. Let z(v) be the third derivative of w(v). Give z(0).
7
Suppose -3*b + 12 = -0*b. Suppose -5*s - x = -1 - 7, -s + b = x. Let q be 7/s - (1 + 0). Let d(j) = -j**3 + 5*j**2 + 6*j - 4. Give d(q).
-4
Let b(w) = w - 26. Suppose -2*z + 16*f + 14 = 14*f, -z = f - 3. Give b(z).
-21
Let z(r) = 4*r + 5. Let f(g) = 1. Suppose 2*y = -3*d + 9, -2*y + 15 = 4*d + 5. Let b(m) = d*z(m) + f(m). Suppose -723*c + 727*c = -16. Determine b(c).
-10
Let m(d) = -1 + 4*d - 4 + 4 + 0. Let r(h) = 13*h**2 + h - 2. Let s be r(1). Let o = s + -9. Determine m(o).
11
Let b(y) be the second derivative of -y**4/12 + y**3/3 + y**2/2 + 332*y. Determine b(0).
1
Let p(f) = -f**3 - 7*f**2 + 17*f + 10. Let i be p(-6). Let l = -127 - i. Let m(n) = 23*n**2. Calculate m(l).
23
Let r(n) = -83 + 40 + 32 + 0*n + n. Calculate r(4).
-7
Let n(c) = c**2 - 2*c**2 - 3*c - 3*c - 4. Suppose 0 = 2*h - 0*h - m - 9, h = -5*m - 23. Let d be h/17 + (-70)/17. Give n(d).
4
Let j(f) = -126 + f - 4*f + 148. Let o be j(10). Let l(q) = q**2 + 9*q - 8. Give l(o).
-16
Suppose -a - 2*h = -7, 2*h + 2 = 9*a - 7*a. Let o(l) = l + 5. Give o(a).
8
Suppose 4*y = -0*y + 12, -f = -y + 1. Let h be f - 1 - (-1 + 0). Let i(m) be the second derivative of m**4/12 - 5*m**3/6 + m**2/2 - 21*m. Calculate i(h).
-5
Let l(q) = 18 - 436*q**3 + 4*q**2 + 3*q + 437*q**3 - 12. Determine l(-3).
6
Let u be (1/(-1))/(2/(-6)). Let o(k) = k**3 + 422*k - 1 - 419*k + 0 - 3*k**2. Determine o(u).
8
Let a(j) = -3*j - 15. Let h = 16 - 18. Let u(q) = q + 8. Let x(g) = -g - 8. Let c(m) = -3*u(m) - 2*x(m). Let z(s) = h*a(s) + 5*c(s). Determine z(5).
-5
Let d be ((-135)/90)/(2/4). Suppose z - 5 = -0. Let i(o) = 4*o - o - 4*o - z + 0*o. What is i(d)?
-2
Let b(h) be the third derivative of -h**5/60 + h**4/24 + 25*h**3/6 - 18*h**2. Determine b(0).
25
Suppose -5*x + 3 = -0*w + w, -3*x = -5*w + 15. Let u(m) = m - 10. Let d(t) = -t + 10. Let g(r) = -4*d(r) - 3*u(r). What is g(x)?
-10
Let j(o) = 3*o**2 + 9 + 9*o - 8*o + 0*o**2 - 5*o**2 - 2*o**2. Determine j(4).
-51
Let y = -3 - -3. Let m(q) = y*q**3 + 4 - 1 - q**3 + q - 5*q**2. Suppose 5*r + 15 = 2*r. Determine m(r).
-2
Suppose -5*d - 5*n + 3*n = -21, 15 = d - 5*n. Let y(w) = -d*w**2 + 6*w**3 - 4*w**3 - 3*w**3. Determine y(-4).
-16
Let q(o) = -2*o**2 + 19 - o**3 - 2*o - 6*o**2 - o - 15. Calculate q(-8).
28
Let a(i) = 63 + 5 - 2*i - 31 + 14. Determine a(24).
3
Let n(a) = -4*a + 3. Let u be n(-1). Let y(k) = 2*k - 12 + 8 + u. Calculate y(-5).
-7
Let c(a) = -381*a**2 - 10 + 382*a**2 + 13 - 5*a. Determine c(5).
3
Suppose -125*x - 294 = -83*x. Let b(n) = -n**3 - 9*n**2 - 9*n + 4. Calculate b(x).
-31
Let y(l) = 112 - l + 6*l + 4*l**2 - l**3 - 115. Determine y(5).
-3
Suppose -8 - 4 = -4*l. Let a(i) be the first derivative of 1/4*i**4 + 1/2*i**2 + 0*i - 6 - 4/3*i**3. Give a(l).
-6
Let n(y) be the first derivative of -y**6/360 + y**4/8 - 2*y**3 + 18. Let v(b) be the third derivative of n(b). What is v(0)?
3
Let m(q) = -q**2 + 7. Suppose -2*z - 484 = -5*f, -2*z = -3*f + z + 294. Let u be (-3)/2*f/18. Let o = u - -8. Calculate m(o).
7
Suppose 0 = -v + 4*v + 2*t, 5*v + 5*t = 0. Let s be v*(0 + 3/(-6)). Suppose 10*j - 6*j - 24 = s. Let f(l) = -l**2 + 9*l - 6. Calculate f(j).
12
Let v = -17 - -19. Suppose -3*t = -2*p - 5 - 1, -v*t = -3*p + 1. Let r(k) = k**2 - 2*k - 2. Calculate r(t).
6
Let i(w) = 0 - w**2 - 2*w + 0 + 7. Suppose -3*f + 0*f + 88 = 5*l, l = -3*f + 104. Let u = 31 - f. Calculate i(u).
-8
Let g(b) = -5*b**2 - 2*b + 2. Let j be (-70)/(-100) + 3 + 54/(-20). Calculate g(j).
-5
Let p be -120 - -120 - (-6 - (2 + -2)). Let f(z) = 3*z - 16. What is f(p)?
2
Let y(p) = p**3 + 7*p**2 + 5*p - 5. Let v be y(-5). Suppose 2*x + 2*f = v, -3*f + 0*f + 9 = 0. Let w(q) = 9 + 0*q**3 + 4*q**2 - q**3 + 4*q - x + 5. Give w(5).
2
Let q(c) = c**2 - 8*c + 7. Suppose -4 = s - 39*a + 34*a, -5*s - 2*a = -34. Determine q(s).
-5
Let d(n) = -n**2 + 2*n + 4. Let y be ((-2)/1 - -19) + -2. Suppose 6*j - y = 3*j. Suppose -u - 20 = -j*a, 3*a + 5*u = -2*a + 50. What is d(a)?
-11
Suppose -f = -2*l + 4, 2*l - 3*f + 8 = l. Let g be (-72)/6*l/12. Let d(w) = -w**3 - 3*w**2 + 7*w + 5. What is d(g)?
-7
Suppose 0 = -2*t - 19 + 19. Suppose t*f + 4*f + 5 = 3*s, 11 = 5*s - 4*f. Let x(k) = 4*k - 2. Calculate x(s).
10
Suppose -j + 0*j - 5*f + 26 = 0, -2*j + 5*f - 23 = 0. Suppose -10 = a - j. Let i(q) = -q + 4. Give i(a).
13
Let u(s) = -s**2 - 10*s - 4. Suppose 2*a + 30 = f, 2*f = a + 2*a + 55. Suppose 3*h = -0*h - 6, 0 = 3*y + 4*h + f. Calculate u(y).
20
Let y(g) be the second derivative of 0*g**3 - 1/2*g**4 + 1/720*g**6 - 9*g - 1/40*g**5 + 0 + 0*g**2. Let d(w) be the third derivative of y(w). Determine d(-5).
-8
Let p(i) be the first derivative of 5*i**4/2 - 2*i**3/3 + i**2 - 305. What is p(1)?
10
Let a(v) = -12 + v - 6*v - 14 - 7 + 28. Determine a(-3).
10
Let w(a) = -a**2 - 5*a + 6. Let p(l) = -4*l**2 - 14*l - 73 + 91 + l**2. Let v(d) = -3*p(d) + 8*w(d). What is v(-5)?
9
Let d(h) be the second derivative of 1/12*h**4 - 4*h - 3/2*h**3 + 0 + 1/2*h**2. Determine d(5).
-19
Let f = 6 - 8. Let l(c) be the third derivative of -c**6/60 + c**4/6 + c**3/2 + 27*c**2. Determine l(f).
11
Let h(m) be the second derivative of -m**4/6 + 7*m**2/2 - 3*m + 14. Give h(3).
-11
Let a(d) = d**2 + 5*d - 4. Let r(q) = q - 22. Let j be r(17). Let t be 116/(-20) - 4/j. What is a(t)?
-4
Let n(d) = -d - 3. Let u be n(0). Let l be -9*(-3)/u + -2. Let f = -7 - l. Let o(r) = -2*r**2 + 5*r + 4. Determine o(f).
-8
Suppose 2*c - 11 = -w - 2*w, 4*w = 4*c + 8. Let k(j) = -5*j + 13. Let g be k(w). Let f(p) = -p**2 + 3*p + 1. Give f(g).
-9
Let f(c) be the first derivative of 1/2*c**2 + 23 - 8*c. Suppose -t - 4*t = 25, 2*y + 5*t + 13 = 0. Give f(y).
-2
Let o(f) = -f**3 + 4*f**2 + 4. Let s be o(4). Let b = 2 + 0. Let h(q) = -6*q - 4 + 3*q**b - 2*q**2 + 0*q + 2*q. Determine h(s).
-4
Let q be (1 - (-17)/5)/((-4)/10). Let i(p) = p**3 + 12*p**2 + 9*p - 10. Determine i(q).
12
Let p(d) be the first derivative of d**5/20 + 3*d**4/4 + 7*d**2/2 - 22*d + 7. Let x(y) be the first derivative of p(y). Determine x(-9).
7
Let k(n) = -7*n - 8. Let i(f) be the third derivative of f**4/3 + 3*f**3/2 + f**2. Let x(s) = -6*i(s) - 7*k(s). Let g = -16 + 18. Calculate x(g).
4
Let c = 8 - -8. Suppose -c = 5*d - 3*d. Let r(u) = 2*u + 11. Determine r(d).
-5
Let s = 70 + -116. Let a = -41 - s. Let c(t) = t**2 - 6*t + 2. Determine c(a).
-3
Let c(n) = 0*n + 6*n - 8*n + 7 - 1 + 2. Give c(12).
-16
Let o(z) = -z**3 - z**2 + 15. Let v be 12/54 - 3/((-54)/(-4)). Calculate o(v).
15
Suppose -4*b + 12 = -8. Let j(f) = -2*f**3 + 9*f**2 + f + 5. Determine j(b).
-15
Let b(s) = -3*s**3 - 9*s**2 + 8*s - 28. Let j(x) = 4*x**3 + 14*x**2 - 12*x + 41. Let q(z) = -7*b(z) - 5*j(z). Suppose 5*t + 26 - 61 = 0. Give q(t).
19
Suppose -4*i = 3 - 39. Let t = i - 7. Suppose 10 = -j - 3*h, t*j + 1 = -2*j + h. Let x(w) = -6*w**3 + w**2 + 2*w + 1. Give x(j).
6
Let m(o) be the first derivative of -1/4*o**4 - 5/2*o**2 + 1 + 7/3*o**3 - 8*o. Determine m(6).
-2
Let j(o) = -o**2 - 8*o + 3. Let m be j(-8). Suppose 3*y = -2*z, m*z - 4*y = -6*y. Let r(h) = -h**2 + 3. What is r(z)?
3
Let m(a) = -5*a - 11. Let r(s) = 14*s + 34. Let k(y) = 11*m(y) + 4*r(y). Let c = -2223 - -2215. Give k(c).
7
Let c(r) = r + 1. Let n(v) = -4*v - 6. Let x(o) = -o - 2. Let l(g) = -3*n(g) + 8*x(g). Let u(q) = 3*c(q) - l(q). What is u(5)?
-4
Let i = -66 + 72. Suppose i*m + 6 + 30 = 0. Let x(g) = -g**2 - 6*g + 1. Calculate x(m).
1
Let f(b) = 5*b**2 + 3*b - 2. Suppose 6*l + 5*l = 143. Let w(d) = 11*d**2 + 7*d - 5. Let t(c) = l*f(c) - 6*w(c). Give t(-3).
4
Let k = 7 + -4. Let v be (0 + (-1)/k)*3. Let p(h) be the first derivative of 2*h**3/3 + h**2/2 + h - 338. Give p(v).
2
Let x(l) = 50*l. Let d be x(1). Suppose d - 34 = 2*r. Let c(g) = -g**2 + 8*g. Give c(r).
0
Let l(r) = 16*r**2 + 9*r + 30. Let v(h) = 3*h**2 + 2*h + 6. Let w = 40 + -51. Let m(n) = w*v(n) + 2*l(n). Calculate m(-5).
-11
Let b(t) = 2*t**3 + t + 2*t**2 - t**3 - 12 - 4*t**2 - 8*t + 7*t**2. What is b(-6)?
-6
Let s(k) be the third derivative of -k**5/60 + k**4/24 - 5*k**3/6 + k**2. Let t = 51 - 63. Let l = -12 - t. Calculate s(l).
-5
Suppose 4*m = -2*t + 2, -2*m + 5*t - 4 = -35. Let c(o) = -o**2 + 19 - 12 + 8*o - 10 - m*o. Calculate c(6).
-9
Let g be 2*(-63)/(-14) 